3
Let f = 38 - -22. What is the tens digit of f + (0 - (5 + -4))?
5
Let f = 667 - 368. What is the units digit of (-3)/(-15) + f/5?
0
Let z(m) = m - 3. Let v = -13 + 21. Let o be z(v). Let s = o + -3. What is the units digit of s?
2
Let i = 24 - 35. What is the tens digit of 30*(-3 + i/(-3)) + 1?
2
Let q(t) = t**3 + t**2 + 5*t - 8. Let x be 3/(9/(-12)) - (-49)/7. What is the tens digit of q(x)?
4
Let p = 32 + -26. Suppose 615 + 387 = p*d. What is the tens digit of d?
6
Suppose 0 = -5*b + 3*i + 22, -3*i - 14 - 6 = -4*b. Suppose b*d - 5*d + 699 = 0. What is the units digit of d?
3
Let q(a) = 881*a - 299. What is the tens digit of q(5)?
0
Suppose -3*x - 20 = -7*m + 2*m, 0 = 3*m - 2*x - 12. Suppose -p + 320 = m*p. Let c = p + -31. What is the units digit of c?
3
Suppose 0 = -2*y + 63 + 71. Let i = y + -34. Let o = 49 - i. What is the units digit of o?
6
Let x be (-1)/((-4)/8*1). Suppose x*r = r - 5. What is the units digit of (2/r)/(2/(-40))?
8
Let n(s) = 4*s - 1. Let z be n(2). Suppose -z*m = -9*m + 74. What is the tens digit of m?
3
Let g = -1566 + 2618. What is the tens digit of g?
5
What is the hundreds digit of 20280/(-45)*(0 - (-9)/(-6))?
6
Let r = 2241 - 1553. Suppose -7*z = z - r. What is the units digit of z?
6
Let w = 551 - 346. What is the tens digit of w?
0
Suppose 4*x - 2*x = 24. Suppose 4*z - 5*z = -x. Suppose z = 3*i - 6. What is the units digit of i?
6
What is the thousands digit of 1023 + (4 + -8 - 3)?
1
Let n be 21/14*2*1. Suppose 2*u + 738 = 4*w, -5*w + n*u + 735 = -w. What is the units digit of w?
6
Let p(b) = b**2 - 11*b - 16. Let i be p(13). Suppose 9*n = -i*n + 456. What is the tens digit of n?
2
Let p = -154 + 375. What is the tens digit of p?
2
Let a(p) = -37*p - 1. Let h be -1 + (-1 - -4) + -3. Let u be a(h). Let s = 56 - u. What is the units digit of s?
0
Let q(y) = -y**2 + 4*y - 3. Let n be q(3). Let i be (6 - (-28)/(-5)) + 24/(-10). What is the tens digit of (i - 11 - n)*-2?
2
Suppose 9*q + 8 = 11*q. What is the units digit of 11 - 5/(q + -5)?
6
Let z(y) = -2*y + 13. Suppose 5*w - 7 = 4*w. Let k be z(w). Let p = 44 + k. What is the tens digit of p?
4
Let i(p) = p**3 + 25*p**2 - p + 59. Suppose 0 = 5*t + 6*r - 4*r + 119, -3*t + r = 78. What is the tens digit of i(t)?
8
Let c(q) = -q**2 + 8*q + 5. Let g be c(8). Suppose 3*d + 5*i - 2 = 0, -5*d + 0*i - g*i = 0. Let b(u) = 17*u**2 - u. What is the tens digit of b(d)?
1
Let q(h) = 7*h**2 + 2*h + 1. Let j be q(-1). Suppose -4*a + 5*n - 12 = 0, 3*n - j = -5*a + 16. What is the tens digit of (-2)/(a/(-17))*1?
1
Let m(k) = 2*k**2 - k + 61. What is the units digit of m(13)?
6
Let y = -707 + 1001. What is the tens digit of y?
9
Let t = 8026 - 5460. What is the tens digit of t?
6
Let m(c) = -7*c**3 + 2*c**2 - 1. Let l(n) = 41*n**3 - 11*n**2 + 5. Let q(o) = -6*l(o) - 34*m(o). Let f be q(-2). Let b = f - 22. What is the units digit of b?
8
Let o(p) = p + 6. Let i be o(-6). Suppose -n + i*n + 47 = 0. What is the units digit of n?
7
Let b = 274 - -1204. Suppose -5*h = -b + 373. What is the tens digit of h?
2
Suppose -2*q - 3*b = -280, 3*q - 2*b - 45 = 362. Let g = 302 - q. What is the hundreds digit of g?
1
Let t(j) = j - 3. Let m be (0 - (-5 + 2))/1. Let o be t(m). Suppose 4*i - 147 = -o*i - s, s = -i + 36. What is the tens digit of i?
3
Suppose 0 = 6*y - 7*y + 13. Let p = -2 - -5. Suppose -4*o = -3*b - 45, o + p = b + y. What is the tens digit of o?
1
Let d(l) = -5*l**2 - 3*l + 1 + 105*l**3 - 106*l**3 - l. What is the units digit of d(-4)?
1
Suppose m + 3*j = j - 22, m - 2*j = -2. Let s be (m/21)/(2/(-7)). Suppose -c = -s*u - 13, -4*u + 7*u = -5*c + 117. What is the units digit of c?
1
Let x be 1/(-2)*6*-1. Suppose 6*i = x*i + 81. What is the units digit of i?
7
Let a(v) = -v**3 + 50*v - 1. Let u be a(7). Let k(r) = 8*r**2 - 8*r + 18. What is the units digit of k(u)?
8
Suppose -4*x - 6*t = -7*x + 5586, 0 = 5*x + 2*t - 9250. What is the tens digit of x?
5
Let m = -436 + 1870. What is the hundreds digit of m?
4
Let k = -57 - -41. Let i(s) = s**2 + 14*s + 24. What is the units digit of i(k)?
6
Let c(q) = q**3 - 25*q**2 + 47*q - 17. Let x be c(23). Let a be -25 + 1 + (5 - 3). Let s = x - a. What is the tens digit of s?
2
Suppose 0*s = s + 1, -29 = -5*n + 4*s. Suppose 4*w = 2*t + n*w - 143, -4*w + 12 = 0. What is the units digit of t?
0
Let f = 229 + -215. What is the tens digit of f?
1
Suppose 5*a = 18*a - 546. What is the units digit of a?
2
Suppose -17 = -4*k - 1, -4*k = -3*f + 38. Suppose -u + f = -3. Suppose 2*g - u = 49. What is the tens digit of g?
3
Let x = 33 - -84. Let q = x + -66. What is the tens digit of q?
5
Suppose 0 = -8*b + 3319 + 5689. What is the thousands digit of b?
1
What is the units digit of -104*4/(-8) - (-4 + 1)?
5
Let a(w) = -w**2 + w + 3. Let i be a(-2). Let s = i - -65. What is the tens digit of s?
6
Let c(l) = -57*l + 3. Let o be c(-2). Suppose -3*q - o = -30. Let f = q + 47. What is the units digit of f?
8
Let t(y) = 36*y**2 - 4*y - 2. Let f be t(2). Suppose -5*p + 1391 = -4*c, 2*c + f + 974 = 4*p. What is the tens digit of p?
7
Let m = 7971 - 3286. What is the thousands digit of m?
4
Let f = 47 + -71. Let l = f + 26. What is the units digit of (l/(-8))/((-9)/180)?
5
Suppose 4*j + 1051 - 5526 = g, 2*j = -4*g + 2242. What is the tens digit of j?
1
Suppose -2*k + 4938 = -2*g, 3*k + 4*g = 2*g + 7397. What is the thousands digit of k?
2
Suppose c - 2*l - 2462 - 134 = 0, -5*c + 12925 = l. What is the thousands digit of c?
2
Let g be -6 - -7 - (1 + -3). Suppose 0*s = -s, g*q - 6 = 2*s. Suppose 92 = 3*i + 4*o, -q*i - 2*i - 4*o = -116. What is the units digit of i?
4
Let c = 9 - 17. Let g = c - -8. Suppose -5*m + b + 145 = g, -4*b - 21 = -2*m + 37. What is the tens digit of m?
2
Let j(i) = 2*i**3 + 4*i**2 - 3*i - 60. What is the tens digit of j(9)?
9
Suppose 3*d = -5*u + 411, -3*d - 139 = -3*u + 122. What is the tens digit of u?
8
Suppose 0 = -2*b - 4*b + 288. Suppose 5*p = 67 + b. Let h = p - 18. What is the units digit of h?
5
Let y(j) = j**2 + 8*j. Let i be y(-8). Suppose 2*n + 62 = 3*n - 2*k, 4*n + 2*k - 288 = i. What is the tens digit of n?
7
Suppose 8 = 2*p - 4*u, 0 = -5*p + p - 3*u + 5. Let s be (((-8)/(-6))/2)/(7/21). Suppose -k = -s*q + p*k + 82, 3*k = 0. What is the tens digit of q?
4
Let r(s) = -s + 9. Let f be r(5). Suppose f*n - 5*l - 81 = 73, -l = -3*n + 110. Suppose 3*v - 2*v - n = 3*j, -4*v - 3*j = -174. What is the units digit of v?
2
Let v = -19 + 22. Suppose v*z - 292 = -z. What is the units digit of z?
3
What is the units digit of ((-44545)/236)/((-2)/8)?
5
Suppose -4*f + 6 = -2*f - 3*n, 4*f = -4*n + 32. Let h(b) = b**3 - 7*b**2 + 8*b - 5. What is the units digit of h(f)?
7
Let a(r) = 16 - r**2 - 2 + 2*r + 11*r. Let o be a(14). Suppose o*u - u + 18 = 5*n, 90 = 5*u - n. What is the units digit of u?
8
Suppose 0 = 2*m + m + 36. Let b = 10 + m. What is the units digit of -3*2*b/4?
3
Suppose 61*b - 9*b = 30004. What is the tens digit of b?
7
Let d(f) = -f**3 + 11*f**2 + 27*f - 18. Let t be d(13). Let j = t + 57. What is the units digit of j?
2
What is the hundreds digit of (90/(-35))/((-46)/11753)?
6
Suppose -3*r = -4*y - 68, 5*y - 8 = -2*r + 22. Suppose 3*s - 2*z - r = 0, -4*z + 12 = 5*s - 2*z. Suppose -s*d + 7*d = 39. What is the tens digit of d?
1
Let b(y) be the first derivative of -y**3/6 + 4*y**2 - 2*y + 4. Let k(w) be the first derivative of b(w). What is the units digit of k(-8)?
6
Suppose -2*v = 5*v + 42. Let p = v - -28. What is the tens digit of p?
2
Let i be 3 + -2 + (-148)/(-2). Let z = -21 + i. Let y = -20 + z. What is the tens digit of y?
3
Let t = -280 - -499. What is the tens digit of t?
1
Let b = 9 - 3. Suppose 4*t - b*t + 12 = 0. Let y = t - -2. What is the units digit of y?
8
Let x(q) be the third derivative of 0*q - 1/60*q**5 + 8*q**2 + 0 - 2/3*q**3 - 5/8*q**4. What is the units digit of x(-13)?
2
Let c(o) = -221*o - 16. What is the units digit of c(-4)?
8
Let j = -58 - -52. What is the units digit of 3*1/(-6)*j?
3
Suppose -21*k - 3780 = -33*k. What is the hundreds digit of k?
3
Let a(y) = -8*y + 75. Let z be a(9). Let j(k) = 6*k**2 - 7*k - 2. What is the units digit of j(z)?
1
Suppose -f = 2*k - 3*k, 0 = -4*f + 5*k + 1. What is the tens digit of 81 - f*5/(-5)?
8
Suppose -2*u = 5*d - 2416, d + 2*u = 262 + 218. What is the t